he greatest common divisor of 11286000 and 6930?
990
What is the greatest common factor of 6 and 52245321?
3
What is the greatest common factor of 422565 and 49841?
2167
What is the greatest common divisor of 9033892 and 266?
266
What is the greatest common factor of 323431 and 617357?
281
What is the greatest common divisor of 1311 and 31042941?
57
What is the highest common divisor of 4174820 and 13?
13
What is the highest common factor of 383229 and 511209?
711
Calculate the highest common factor of 133050 and 8334252.
5322
Calculate the highest common divisor of 2933105 and 68524.
463
What is the greatest common factor of 118300 and 43855?
35
What is the greatest common factor of 2 and 5217403?
1
Calculate the greatest common factor of 16 and 44884048.
16
Calculate the highest common factor of 15 and 428691.
3
What is the highest common factor of 17052 and 3415272?
2436
Calculate the highest common divisor of 11682 and 66942.
18
What is the greatest common divisor of 5130 and 1002?
6
Calculate the highest common divisor of 39814 and 16558.
34
What is the greatest common factor of 59 and 1958962427?
59
What is the highest common divisor of 3498838 and 3856?
482
Calculate the greatest common factor of 462240 and 2090160.
720
What is the highest common factor of 709202 and 1040?
26
What is the highest common divisor of 4312 and 1373?
1
Calculate the highest common divisor of 859 and 754886623.
859
Calculate the greatest common factor of 84 and 15084948.
12
Calculate the greatest common factor of 19188103 and 1318.
659
What is the greatest common factor of 14749 and 439503344?
2107
What is the highest common divisor of 1332038443 and 37?
37
Calculate the highest common divisor of 2834070 and 27098.
34
What is the greatest common factor of 5644950 and 2100?
150
Calculate the greatest common factor of 654909 and 11343.
597
What is the highest common factor of 1892 and 57649713?
473
Calculate the highest common factor of 11391037 and 1088.
17
What is the greatest common divisor of 1709012 and 6169?
199
Calculate the greatest common factor of 1097366 and 9698.
746
What is the greatest common factor of 52514 and 17453?
31
What is the greatest common factor of 11965366 and 42?
14
Calculate the greatest common divisor of 1414 and 6304319.
707
Calculate the highest common divisor of 680542 and 3914.
38
Calculate the highest common factor of 2348196 and 2449.
79
What is the greatest common factor of 15417 and 279145341?
5139
Calculate the greatest common factor of 247352 and 110310158.
8834
Calculate the greatest common factor of 43057621 and 291.
97
Calculate the greatest common factor of 667075119 and 159.
159
Calculate the greatest common divisor of 134966 and 90480.
754
Calculate the greatest common factor of 352 and 225248.
32
Calculate the greatest common factor of 152 and 791688.
8
What is the highest common divisor of 189540 and 8097732?
2916
What is the greatest common divisor of 44356 and 191389316?
3412
What is the greatest common divisor of 95901774 and 6?
6
Calculate the highest common divisor of 27493 and 13018659.
1447
What is the greatest common factor of 2876 and 830948300?
2876
Calculate the highest common factor of 97199 and 947348.
1369
Calculate the greatest common divisor of 104283 and 4311.
9
What is the greatest common divisor of 1000239600 and 560?
80
What is the greatest common divisor of 7133275 and 437175?
725
Calculate the greatest common divisor of 658 and 57046297.
329
What is the highest common divisor of 78 and 85582302?
78
Calculate the greatest common divisor of 140 and 2300004.
28
What is the highest common factor of 42920448 and 480?
96
What is the highest common factor of 2939024 and 11264?
176
What is the highest common factor of 768087103 and 2831?
2831
What is the greatest common factor of 2825 and 2928169?
113
Calculate the greatest common factor of 560 and 5432420.
140
What is the greatest common divisor of 23403375 and 1465?
1465
Calculate the highest common divisor of 4220 and 66887.
211
Calculate the greatest common divisor of 696 and 2604200.
232
Calculate the highest common divisor of 331 and 7374680.
331
What is the greatest common divisor of 1693 and 4329001?
1693
What is the highest common divisor of 2107590 and 6690?
30
What is the greatest common factor of 279 and 1671365?
31
Calculate the greatest common divisor of 2485 and 438730.
5
Calculate the highest common divisor of 78 and 50717394.
78
What is the highest common divisor of 2158496 and 28384?
32
What is the greatest common divisor of 40672872 and 324?
36
What is the highest common factor of 210499399 and 11?
11
What is the greatest common divisor of 964419 and 9136?
571
Calculate the greatest common factor of 812328 and 2674848.
4488
What is the highest common divisor of 304784 and 46096?
688
What is the greatest common divisor of 140 and 23984060?
20
What is the highest common divisor of 2976 and 2099808?
96
What is the highest common factor of 6170422 and 23749?
2159
Calculate the highest common factor of 1101469878 and 1263.
1263
Calculate the greatest common divisor of 1404 and 3112236.
108
Calculate the greatest common divisor of 1520609580 and 6165.
6165
Calculate the highest common divisor of 348245 and 289.
289
What is the highest common factor of 800 and 32204480?
160
Calculate the greatest common divisor of 35375592 and 9744.
4872
Calculate the highest common factor of 233850 and 1875.
75
What is the highest common divisor of 1411 and 43350?
17
What is the highest common factor of 10405425 and 4875?
75
Calculate the greatest common divisor of 133181 and 170252.
1373
What is the greatest common divisor of 215808684 and 2184?
1092
What is the highest common factor of 352 and 362021?
11
Calculate the greatest common factor of 485 and 1974144.
97
What is the greatest common factor of 2790 and 13145240?
310
Calculate the highest common factor of 1086 and 1216376834.
362
Calculate the highest common factor of 8487 and 10333371.
69
Calculate the highest common factor of 306 and 5028318.
18
Calculate the greatest common divisor of 23 and 6894733.
23
Calculate the greatest common divisor of 12656072 and 41756.
572
Calculate the highest common factor of 13738774 and 322.
322
What is the greatest common factor of 53902974 and 804?
402
What is the highest common factor of 60030 and 93641?
29
Calculate the highest common divisor of 279 and 134528778.
279
Calculate the highest common divisor of 45 and 224340.
15
Calculate the greatest common factor of 242370 and 780.
30
Calculate the highest common divisor of 690867369 and 1821.
1821
Calculate the highest common divisor of 1455 and 315015.
15
Calculate the highest common factor of 5 and 24429340.
5
Calculate the highest common factor of 7 and 6291880.
7
What is the greatest common factor of 4403 and 5181813?
259
Calculate the highest common factor of 44542 and 398.
2
What is the greatest common factor of 12786246 and 198?
198
What is the highest common factor of 61159869 and 13485?
2697
Calculate the highest common factor of 105500007 and 886.
443
What is the greatest common factor of 650 and 3097100?
50
Calculate the greatest common factor of 102312 and 24759.
63
Calculate the highest common divisor of 79168 and 184256.
64
What is the highest common divisor of 85 and 3145153?
17
Calculate the greatest common divisor of 275 and 473600.
25
Calculate the greatest common factor of 3818 and 2935378.
166
Calculate the highest common factor of 42672 and 159656.
56
Calculate the greatest common divisor of 1419591586 and 983.
983
Calculate the greatest common factor of 5211020 and 14380.
20
Calculate the greatest common factor of 6425696 and 608.
32
Calculate the highest common factor of 130462 and 139400.
82
What is the greatest common factor of 67050 and 797100?
150
What is the greatest common factor of 399 and 1509835?
19
What is the highest common factor of 39 and 48915893?
13
Calculate the greatest common divisor of 739 and 108021847.
739
What is the greatest common factor of 98 and 103565714?
98
Calculate the highest common factor of 483 and 2019129.
21
Calculate the highest common divisor of 20759376 and 1056.
528
Calculate the greatest common factor of 36780 and 8207457.
1839
Calculate the gr